 factor of 6625 and 4757750?
125
Calculate the highest common divisor of 238526 and 28234.
38
What is the greatest common divisor of 29016155 and 2170?
1085
What is the greatest common factor of 3984433 and 133?
19
Calculate the highest common factor of 2914400830 and 2035.
2035
What is the greatest common factor of 8452 and 6339?
2113
What is the greatest common factor of 22510170 and 810?
270
Calculate the highest common factor of 248 and 11149615.
31
Calculate the highest common divisor of 20601 and 11151.
189
What is the highest common divisor of 62736660 and 4900?
980
What is the highest common factor of 1269694502 and 7706?
7706
What is the highest common factor of 240702 and 155694?
462
Calculate the highest common factor of 75191700 and 1100.
100
Calculate the greatest common factor of 374 and 3079550.
34
What is the highest common divisor of 255 and 5454807?
51
Calculate the greatest common factor of 4 and 145466.
2
Calculate the highest common factor of 403323232 and 41.
41
Calculate the highest common factor of 392532 and 672.
84
What is the greatest common factor of 1243 and 446149?
11
Calculate the greatest common divisor of 42 and 35165739.
21
Calculate the highest common divisor of 770 and 1127350.
70
What is the greatest common divisor of 4288 and 224584?
536
Calculate the greatest common divisor of 1030 and 142790.
10
Calculate the greatest common factor of 78237718 and 8476.
4238
What is the greatest common factor of 1818198 and 172814?
2434
Calculate the greatest common divisor of 19341 and 2898387.
2763
Calculate the greatest common factor of 21475298 and 8905.
1781
What is the greatest common divisor of 25364 and 1572296?
68
Calculate the highest common factor of 5258799 and 87815.
91
What is the greatest common factor of 3271464 and 10152?
72
What is the highest common divisor of 2128 and 447754?
38
What is the greatest common factor of 42547184 and 40?
8
What is the greatest common factor of 4019011 and 1882?
941
Calculate the highest common divisor of 57240096 and 2976.
96
Calculate the greatest common divisor of 816650 and 2850.
50
Calculate the highest common divisor of 15075 and 485482.
67
Calculate the highest common divisor of 656 and 48432.
16
Calculate the greatest common factor of 1082 and 580868995.
541
What is the greatest common factor of 43717212 and 594?
594
Calculate the greatest common divisor of 736 and 280128.
32
What is the highest common factor of 212549485 and 2945?
2945
Calculate the greatest common divisor of 150047 and 1816.
227
Calculate the greatest common factor of 2299396 and 94.
2
Calculate the greatest common divisor of 52 and 70400473.
13
Calculate the greatest common divisor of 364610 and 340.
10
What is the greatest common divisor of 70 and 4298935?
5
Calculate the highest common factor of 17977583 and 39.
13
Calculate the greatest common factor of 17230 and 72190.
10
What is the greatest common divisor of 116192 and 13743335?
3631
What is the highest common divisor of 2386 and 60314501?
1193
Calculate the greatest common divisor of 1625 and 8502000.
1625
What is the highest common divisor of 268850 and 1133350?
950
Calculate the greatest common divisor of 1252956 and 48250.
386
Calculate the greatest common divisor of 1543958 and 559.
559
Calculate the greatest common factor of 629867 and 34.
17
What is the highest common factor of 167536 and 479119?
283
What is the greatest common factor of 97035 and 80?
5
Calculate the greatest common factor of 8719680 and 250480.
2480
Calculate the greatest common factor of 2518915 and 13825.
2765
What is the greatest common divisor of 330693 and 483?
3
Calculate the highest common factor of 24000 and 741420.
60
What is the greatest common divisor of 6568 and 454264?
8
What is the highest common divisor of 17 and 1539054608?
17
What is the highest common divisor of 77171493 and 1302?
651
What is the greatest common divisor of 216 and 747649872?
216
What is the highest common divisor of 2844 and 113814?
18
What is the highest common divisor of 98 and 173458138?
98
Calculate the highest common divisor of 217374174 and 37715.
7543
Calculate the highest common divisor of 1736 and 4648.
56
Calculate the highest common divisor of 28978210 and 90.
10
Calculate the greatest common factor of 49945056 and 2688.
672
What is the highest common factor of 118 and 201881598?
118
What is the greatest common divisor of 98 and 318376079?
49
What is the greatest common factor of 4563 and 389245701?
507
Calculate the greatest common divisor of 4179344662 and 4022.
4022
Calculate the greatest common divisor of 65555739 and 9081.
9081
What is the highest common factor of 32717496 and 3096?
1032
What is the greatest common divisor of 212070 and 1110?
30
What is the greatest common divisor of 8850922 and 304?
38
What is the highest common factor of 36765 and 17856825?
645
What is the highest common factor of 9073 and 10126457?
43
What is the highest common factor of 430905244 and 3157?
3157
What is the greatest common factor of 4136 and 514603?
47
Calculate the greatest common factor of 727679 and 777.
37
Calculate the greatest common factor of 8651594 and 14.
14
Calculate the greatest common divisor of 6644174 and 21922.
226
What is the highest common divisor of 110611070 and 5?
5
Calculate the highest common factor of 8652 and 23324.
28
What is the highest common factor of 120 and 126528?
24
What is the highest common divisor of 316900881 and 3806?
1903
Calculate the highest common factor of 13899 and 308443.
41
Calculate the highest common divisor of 12090 and 104629278.
2418
Calculate the highest common factor of 599758603 and 207.
23
What is the greatest common divisor of 4980896 and 400?
16
What is the highest common divisor of 372 and 455928?
12
Calculate the highest common factor of 558 and 86643729.
279
What is the highest common factor of 24230 and 12416?
2
Calculate the highest common divisor of 38760 and 3862016.
152
What is the highest common divisor of 364604313 and 2181?
2181
Calculate the greatest common divisor of 3763848 and 264.
264
Calculate the highest common divisor of 128760 and 41662.
74
Calculate the greatest common factor of 1147 and 530697401.
1147
What is the greatest common factor of 36 and 8469468?
36
Calculate the greatest common factor of 21956401 and 25925.
1037
Calculate the greatest common divisor of 106 and 2375460.
106
What is the highest common factor of 19299570 and 1110?
1110
Calculate the highest common factor of 593931 and 1209.
39
Calculate the highest common divisor of 20228 and 52506831.
5057
What is the highest common factor of 206 and 20915386?
206
What is the highest common divisor of 9 and 138725091?
9
Calculate the greatest common divisor of 1676 and 129012614.
838
What is the greatest common divisor of 194578 and 18?
2
Calculate the highest common divisor of 1148 and 5194126.
574
Calculate the highest common factor of 4450 and 89167765.
445
What is the greatest common factor of 10695 and 620655?
345
Calculate the highest common divisor of 122853 and 1209.
93
Calculate the greatest common factor of 151551 and 15344071.
1871
What is the greatest common factor of 1064625 and 1350?
75
Calculate the highest common divisor of 4874690 and 270.
10
What is the greatest common factor of 3899 and 2023?
7
Calculate the greatest common factor of 641786 and 642.
214
What is the greatest common divisor of 943 and 17622989?
41
Calculate the highest common factor of 188 and 22084.
4
Calculate the highest common factor of 625 and 140446225.
25
Calculate the greatest common factor of 349894 and 5020.
502
Calculate the highest common divisor of 64 and 6844736.
64
Calculate the highest common divisor of 45186791 and 2962.
1481
Calculate the highest common divisor of 5428750 and 170.
10
Calculate the greatest common factor of 17755740 and 12576.
1572
Calculate the greatest common factor of 294 and 547764.
42
What is the highest common divisor of 576 and 148763808?
288
Calculate the highest common divisor of 368 and 12627805.
23
Calculate the greatest common factor of 2360613 and 3597.
327
What is the highest common factor of 13936 and 1265303?
13
Calculate the greatest common factor of 2009 and 406203728.
2009
Calculate the greatest common f